)/(3/72)?
0
What is the hundreds digit of 28/(-12)*(-2 - 382)?
8
Let w = -11 + 13. Suppose -4*y = w*x - 44, y = -4*x + 3*x + 21. Suppose -2*h = -x - 28. What is the tens digit of h?
2
Let f(k) = -k**3 - 24*k**2 - 52*k - 22. What is the tens digit of f(-22)?
5
What is the tens digit of (-2)/(-10) - (-412061)/145?
4
Let t(n) = -35*n + 803. What is the units digit of t(0)?
3
Let r(d) = 29*d**2 + 6*d + 156. What is the thousands digit of r(-8)?
1
What is the units digit of (7 + 1248)*22/55?
2
Let s(d) = d**2 + 21*d - 22. Let o be s(-22). Suppose -2*v = -5*m - 121, o*v + 247 = 4*v - 5*m. What is the tens digit of v?
6
Let d = -234 - -491. What is the units digit of d?
7
Let b(l) = 43*l + 23. Let u be b(-3). Let c = u + 250. What is the hundreds digit of c?
1
Let a(m) = 6*m - 1. Let k be a(-1). Let n = k + 53. What is the tens digit of n?
4
Let w be -2 - -1 - (-1 + -180). Suppose -w = 17*g - 20*g. Suppose 0 = 12*o - 9*o - g. What is the tens digit of o?
2
Let u be (16/(-26))/(-4) - (-6)/(-39). Let h(t) = t + 73. What is the tens digit of h(u)?
7
Let f(o) = o**2 - 19*o - 81. What is the hundreds digit of f(-19)?
6
Let g = 95 - 96. What is the units digit of -7*g/((-1)/(-19) + 0)?
3
Let a = 18 - 13. Let n be (-2)/2*(a - 7). Suppose -2*o + o + n*b = -5, -2*o + 35 = b. What is the units digit of o?
5
Let i(s) = 9*s**2 - 200*s - 41. What is the units digit of i(35)?
4
Suppose 15*k + 16050 = 49080. What is the tens digit of k?
0
What is the tens digit of -4 + (1 + -143)*(-63)/18?
9
Suppose -4*s = 19*s - 17227. What is the tens digit of s?
4
Let h(f) = -40 - 34*f - 21*f + 26*f. What is the hundreds digit of h(-12)?
3
Let g = -13 - 4. Let v = -44 - g. What is the tens digit of v*2/((-8)/4)?
2
Suppose -6713 = -4*z + 2779. What is the units digit of z?
3
Let d be (-2 - -3) + (-3)/(-3). Let i = 50 - 23. Suppose 3*g + 77 = 6*g - 5*a, -g = -d*a - i. What is the tens digit of g?
1
Suppose -3*h - 46 - 35 = 0. Let t = 31 + h. What is the tens digit of 229/t + 1/(-4)?
5
Let t be ((-15)/5 - 8)*-1. Let w be 296/10 - (-4)/10. Suppose -q + w = -t. What is the units digit of q?
1
Suppose 8 = 4*b, -2*b - 46 = -3*i + 8*i. What is the tens digit of (459/(-45))/(1/i)?
0
What is the units digit of 2085/(-10)*(-14)/7?
7
Suppose 72289 = 17*n - 30136. What is the hundreds digit of n?
0
Let o(f) = -f**3 + 10*f**2 - 9*f + 3. Let z = 8 + 1. Let h be o(z). Suppose -2*c + 93 = -h. What is the units digit of c?
8
Suppose -3*g - 4 = -2*f, 5*g + 5*f = -3 - 12. Let q(l) = -28*l + 1. What is the tens digit of q(g)?
5
Suppose 0 = -9*m + 6*m + 1215. Suppose 2*h + h - m = 0. Suppose 166 = 4*f + 2*a, f + 2*f - 2*a - h = 0. What is the units digit of f?
3
What is the tens digit of (-4)/34 - (-1 + (-365118)/221)?
5
Let x be (-18 + 1)/((-26)/624). Let l = 607 - x. What is the hundreds digit of l?
1
Let v(t) be the second derivative of t**4/12 - t**3 - 2*t**2 - t. What is the units digit of v(-4)?
6
Let t(c) = -36*c + 2*c**3 + 81*c + 11 - c**2 - 36*c. What is the tens digit of t(5)?
8
Let l be (-40)/(-1) + -6 + 6. Let w = l + -24. What is the tens digit of w?
1
Suppose -6*m = o - m - 937, 2761 = 3*o + 5*m. What is the tens digit of o?
1
Suppose -5*i + 58 = -3*i. Suppose -4*z + 6*z = -18. Let f = i + z. What is the units digit of f?
0
Let h(t) = 3*t**3 - 4*t + 42. What is the units digit of h(7)?
3
Suppose -j + 1116 - 304 = 0. What is the tens digit of j?
1
Suppose c = g, -4*g = -c - 0*g. Let s be 0 + 9 + c/3. Suppose -z + x + s = -4, -2*x = -5*z + 68. What is the units digit of z?
4
What is the hundreds digit of 5473/(-13)*1/(1 + -2)?
4
Let a(s) be the third derivative of -1/6*s**3 + 0 + 13/12*s**4 + 4*s**2 + 0*s. What is the tens digit of a(1)?
2
Let g(q) = 4*q**3 - 6*q**2 - 50*q - 2. What is the tens digit of g(8)?
6
Let f be (-2 - -32)*(-22)/6. Let z = f + 160. What is the tens digit of z?
5
Let i = -37 - -34. Let z(j) = 5*j**2 + 3*j + 2. What is the units digit of z(i)?
8
What is the tens digit of (152/32 - 9)*(-88 - 0)?
7
Suppose 5*j - 214 = 2*l, 0*j = 2*j + 2*l - 80. Suppose -w = 5*d - 25, -3*d + j = 3*w - 69. Let r = w - 16. What is the units digit of r?
4
Suppose p - t - 8 = 0, -2*t - 48 = -4*p - 6*t. Suppose -5*s = p, 5*n - 4*s + 7*s = 219. What is the tens digit of n?
4
What is the hundreds digit of (1/(-2))/(-10 + (-521508)/(-52152))?
1
What is the units digit of (-3254)/(-18) + (-1)/18*-4?
1
Let g = 108 + -60. Suppose 0 = 3*n - 147 + g. What is the units digit of (n/2)/((-6)/(-8))?
2
Suppose -4*u = -62 - 126. Let q = u + -20. What is the units digit of q?
7
Let i be 6*(6/9)/(-1 + 3). Suppose 2*r = -3*f + 240 + 536, -519 = -i*f - 3*r. What is the hundreds digit of f?
2
Suppose w + 12 = 4*l, 0*l + 28 = 3*w + 4*l. Let v(y) = -18*y - 32. Let x be v(-2). Suppose 0 = x*t + w, s - 2*t - 14 = -3*s. What is the units digit of s?
3
Suppose -3*h + 13 = -d + 545, 5*h - 2740 = -5*d. What is the units digit of d?
4
Suppose 0 = 7*j - 5*j, -5*c + 4*j = -2020. What is the tens digit of c?
0
Suppose x - 2*b = b + 612, -4*x = 3*b - 2388. Suppose 4*a = -2*a + x. What is the tens digit of a?
0
Let y = -1361 - -646. Let r be y/35 - 3/(-7). What is the tens digit of 133/4 - (-5)/r?
3
Suppose -2*i = -f - 26, -77 = -4*i - 3*f - 5. Suppose -13*h = -i*h + 12. What is the units digit of h?
6
Suppose 10*f - 12783 = 7*f - 2*z, 2*f - 8522 = 2*z. What is the hundreds digit of f?
2
Let p(u) = u**3 - 10*u**2 - 24*u - 2. Let i be p(12). What is the units digit of (116/6)/(i/(-9))?
7
Suppose -12 = n - 4*n. Suppose -4*j + 16 = -n. Suppose 5*m + 29 = 4*g, -j*g + 37 = -3*m - 9. What is the units digit of g?
1
Let j = 12 + -14. What is the units digit of -2*j/((-16)/(-236))?
9
Suppose 5*t - 292 = 1053. What is the hundreds digit of t?
2
Let h be 8/3*(-27)/(-4). Let r be (0 - (-94)/30) + (-36)/270. What is the units digit of r/h + 745/30?
5
Let i(t) = 27*t + 7. Let j(x) = 80*x + 22. Let s(v) = -11*i(v) + 4*j(v). What is the tens digit of s(6)?
4
Suppose 2*p = -2*j + 194, 3*j - 199 = -2*p + 2*j. Suppose 0 = 2*y - 4*y + w + p, -w + 192 = 4*y. What is the units digit of y?
9
Let b(u) = u**2 + 3*u + 31. Let o(a) = -a**3 + 3*a**2 - 7*a + 4. Let w be o(2). What is the tens digit of b(w)?
4
Let m = -23 + 26. Suppose m*c + 6*c = 1116. What is the units digit of c?
4
What is the hundreds digit of -1 + 1360/24*(-75)/(-2)?
1
Let j be 4 - 4 - 207/(-1)*1. Suppose 4*q - j = -39. What is the units digit of q?
2
Let g = 190 - 136. Suppose -c + 20 = -o - g, 2*c - 178 = -4*o. What is the tens digit of c?
7
Suppose -20 = -3*n - a - 4*a, 4*n - a - 19 = 0. Suppose -8 + 50 = 3*t. Suppose 4 = x - 2*x, x + t = n*h. What is the units digit of h?
2
Suppose 0 = -3*f - 454 + 1948. What is the hundreds digit of f?
4
Let b(h) = 120*h**2 + 18*h + 36. What is the hundreds digit of b(-2)?
4
Suppose 6*q - 3*l = 3*q + 24, 16 = -4*l. Suppose 0*d - q*d = -420. What is the hundreds digit of d?
1
Let b = 323 - 81. What is the units digit of b?
2
Let r be (-6)/(-48) - 622/(-16). Suppose -3*o = k - 16 + r, -92 = 4*k + 4*o. Let c = -11 - k. What is the tens digit of c?
1
Let j(o) = -o + 15. Let p be ((-38)/4)/((-5)/10). Let i be j(p). What is the units digit of i/10 - (-188)/20?
9
What is the thousands digit of 19233/6 - (-126)/28?
3
Suppose h - 55 = -4*h. Suppose -2*i - 4*v + 14 = 0, v = -2*i - 0*v + h. Suppose -4*w + i*w - r - 7 = 0, -4*w = 5*r - 1. What is the units digit of w?
4
Let m(y) = -12*y + 13. Let f be m(-3). What is the hundreds digit of f*22/5 + 4/10?
2
Let k = 183 - 100. Suppose -3*p + k = -175. What is the units digit of p?
6
Let x(j) = -8*j - 2. Let y be x(-1). What is the tens digit of (3/y)/((-2)/(-52))?
1
Let l(u) = -24*u - 130. Let y(k) = 5*k + 26. Let t(p) = -2*l(p) - 11*y(p). What is the units digit of t(-15)?
9
Suppose 2*i - b + 2*b = 286, 580 = 4*i + 4*b. Let r = i - -65. What is the units digit of r?
6
Let n be (3/2)/((-12)/(-56)). Suppose -2*u - n = -59. What is the tens digit of (2 - 0)/(2/u)?
2
Let t be (-1)/3 + (-2)/(-6). Suppose t = w - 11*w + 2080. What is the tens digit of w?
0
Suppose 0 = 3*v + 1 - 10. Suppose 4 = k + v*k, w = 5*k + 12. What is the units digit of w?
7
Suppose 8*u = 3*u + 25, 2*v + 15 = 3*u. Let x(z) = -z**3 + 6*z**2 - z - 3. Let b be x(3). Let d = b + v. What is the units digit of d?
1
Suppose 16 = -6*x + 14*x.